{"id":136088,"date":"2025-02-18T14:58:36","date_gmt":"2025-02-18T13:58:36","guid":{"rendered":"http:\/\/mjfoto.webd.pro\/artgraf\/?post_type=product&#038;p=136088"},"modified":"2026-02-02T10:38:50","modified_gmt":"2026-02-02T09:38:50","slug":"koperty-proste-110mm-x-150mm-biale-120g","status":"publish","type":"product","link":"https:\/\/art-graf.net\/index.php\/product\/koperty-proste-110mm-x-150mm-biale-120g\/","title":{"rendered":"Koperty proste &#8211; 110mm x 150mm | Bia\u0142e 120g"},"content":{"rendered":"<p>Przedstawiamy Pa\u0144stwu kolorowe koperty idealne do zaprosze\u0144, podzi\u0119kowa\u0144 i wielu innych. Koperty wykonane s\u0105 w BIA\u0141YM KOLORZE z papieru o gramaturze 120g. Zamawiaj\u0105c koperty w naszej firmie masz pewno\u015b\u0107, \u017ce spe\u0142ni\u0105 oczekiwania Twoje i Twoich klient\u00f3w.<\/p>\n<p>Wszystkie koperty sprzedawane s\u0105 w\u00a0<span style=\"color: #ff0000;\"><strong><em>kompletach \u2013 kupuj\u0105c 1 kpl. kupujesz 5 szt.<\/em><\/strong><\/span><\/p>\n","protected":false},"excerpt":{"rendered":"<p>Bia\u0142e koperty proste z ta\u015bm\u0105 &#8211; 110mm x 150mm \u2013 120g<\/p>\n","protected":false},"featured_media":137700,"comment_status":"open","ping_status":"closed","template":"","meta":{"rs_blank_template":"","rs_page_bg_color":"","slide_template_v7":""},"product_brand":[],"product_cat":[111,113,112,150,151],"product_tag":[121,116,127,122,123,118,153],"class_list":{"0":"post-136088","1":"product","2":"type-product","3":"status-publish","4":"has-post-thumbnail","6":"product_cat-koperty","7":"product_cat-koperty-biale-120g","8":"product_cat-koperty-ozdobne","9":"product_cat-koperty-proste","10":"product_cat-koperty-proste-koperty","11":"product_tag-110mm","12":"product_tag-120g","13":"product_tag-150mm","14":"product_tag-biale","15":"product_tag-grube","16":"product_tag-koperty","17":"product_tag-proste","19":"first","20":"instock","21":"shipping-taxable","22":"purchasable","23":"product-type-simple"},"_links":{"self":[{"href":"https:\/\/art-graf.net\/index.php\/wp-json\/wp\/v2\/product\/136088","targetHints":{"allow":["GET"]}}],"collection":[{"href":"https:\/\/art-graf.net\/index.php\/wp-json\/wp\/v2\/product"}],"about":[{"href":"https:\/\/art-graf.net\/index.php\/wp-json\/wp\/v2\/types\/product"}],"replies":[{"embeddable":true,"href":"https:\/\/art-graf.net\/index.php\/wp-json\/wp\/v2\/comments?post=136088"}],"wp:featuredmedia":[{"embeddable":true,"href":"https:\/\/art-graf.net\/index.php\/wp-json\/wp\/v2\/media\/137700"}],"wp:attachment":[{"href":"https:\/\/art-graf.net\/index.php\/wp-json\/wp\/v2\/media?parent=136088"}],"wp:term":[{"taxonomy":"product_brand","embeddable":true,"href":"https:\/\/art-graf.net\/index.php\/wp-json\/wp\/v2\/product_brand?post=136088"},{"taxonomy":"product_cat","embeddable":true,"href":"https:\/\/art-graf.net\/index.php\/wp-json\/wp\/v2\/product_cat?post=136088"},{"taxonomy":"product_tag","embeddable":true,"href":"https:\/\/art-graf.net\/index.php\/wp-json\/wp\/v2\/product_tag?post=136088"}],"curies":[{"name":"wp","href":"https:\/\/api.w.org\/{rel}","templated":true}]}}